et f(l) = 2*l**2 - 7*l - 8. Give f(6).
22
Let q(h) = h**2 + h - 7. What is q(-3)?
-1
Let l(m) = 3*m + 4. Calculate l(5).
19
Let g(n) = 6*n + 32. What is g(-5)?
2
Let y(t) = 2*t**2 + 8*t + 4. What is y(-3)?
-2
Let k(c) = 29*c - 10. What is k(1)?
19
Let s(q) = -q**3 + 12*q**2 + 30*q - 35. What is s(14)?
-7
Let y(k) = -k**2 + 3*k + 12. Give y(5).
2
Let b(q) = q**2 - 7*q. Calculate b(9).
18
Let s(o) = -o**3 + 7*o**2 + 2*o - 7. Determine s(5).
53
Let s(w) = 16*w - 9. Determine s(5).
71
Let q(j) = j**3 + 6*j**2 + j - 4. Calculate q(-5).
16
Let j(h) = -14*h - 5. Determine j(-1).
9
Let w(u) = u**2 - 50*u + 268. Determine w(44).
4
Let u(m) = 3*m**3 + 2*m**2 - 3*m - 3. Calculate u(-2).
-13
Let u(z) = z**3 + z**2 - 5*z - 3. What is u(-3)?
-6
Let t(c) = -9*c + 57. Give t(8).
-15
Let r(c) = -12*c + 28. What is r(8)?
-68
Let v(p) = p + 6. What is v(8)?
14
Let l(x) = -8*x**3 - x. What is l(1)?
-9
Let n(u) = 7*u**2 + 16*u - 3. Calculate n(-4).
45
Let p(g) = 2*g - 21. Determine p(8).
-5
Let j(a) = 2*a + 20. Determine j(-4).
12
Let p(s) = 8*s**2 - 2*s + 3. Determine p(2).
31
Let h(i) = i**2 - 23*i + 56. Give h(19).
-20
Let r(j) = 37*j + 81. Give r(-3).
-30
Let m(h) = h**3 - 8*h**2 - 10*h + 116. Give m(7).
-3
Let w(n) = -n**2 + 10*n - 6. Give w(11).
-17
Let d(m) = -8*m**2. Give d(-2).
-32
Let c(s) = 54*s - 5. What is c(-1)?
-59
Let q(h) = -h**3 - 8*h**2 + 7*h + 12. Determine q(-8).
-44
Let l(p) = 23*p - 3. Give l(-1).
-26
Let j(c) = 7*c + 20. Give j(-5).
-15
Let i(g) = -8*g - 7. Determine i(-2).
9
Let z(s) = -s**2 + 11*s - 28. Give z(8).
-4
Let u(p) = -2*p**2 - 29*p - 50. Determine u(-13).
-11
Let t(g) = -g**2 + 4*g + 10. Determine t(7).
-11
Let r(y) = y**3 + 5*y**2 + 11*y + 11. Calculate r(-4).
-17
Let h(d) = 10*d**3 - d**2 + 1. Give h(-1).
-10
Let w(d) = -7*d - 149. Give w(-24).
19
Let v(d) = d**2 - 34*d + 43. Calculate v(33).
10
Let m(i) = 10*i**2 - i. Calculate m(-1).
11
Let b(k) = k**3 + 6*k**2 + 3*k - 4. Determine b(-4).
16
Let r(i) = 12*i + 181. What is r(-15)?
1
Let p(f) = 11*f - 13. What is p(7)?
64
Let f(q) = -10*q**2 - 4. Give f(2).
-44
Let z(t) = -t + 25. Calculate z(-16).
41
Let c(a) = -a**2 - 2*a - 1. Give c(-3).
-4
Let d(b) = -b + 23. Give d(7).
16
Let j(m) = -m**3 - 6*m**2 - 7*m - 8. What is j(-5)?
2
Let n(i) = -15*i + 10. Determine n(5).
-65
Let y(t) = -6*t**2 + 35*t - 5. Give y(6).
-11
Let z(a) = a + 3. Determine z(-9).
-6
Let g(b) = b**3 + 33*b**2 - 3*b - 97. Determine g(-33).
2
Let v(a) = -a - 35. Give v(-17).
-18
Let o(u) = -u + 3. Calculate o(11).
-8
Let p(w) = w**3 - 10*w**2 - 12*w + 9. Calculate p(11).
-2
Let y(z) = -13*z - 16. Give y(-2).
10
Let a(m) = -5*m + 3. Give a(-3).
18
Let w(x) = -27*x + 49. Give w(2).
-5
Let n(y) = 16*y - 19. Calculate n(-8).
-147
Let l(y) = 4*y - 35. Calculate l(8).
-3
Let w(a) = a**3 + 10*a**2 + 2*a + 12. Give w(-10).
-8
Let a(b) = 3*b + 31. Determine a(-6).
13
Let f(l) = -2*l**2 + 16*l - 12. What is f(8)?
-12
Let d(f) = -2*f**2 - 9*f + 10. Calculate d(-7).
-25
Let v(c) = c**2 - c - 21. Determine v(5).
-1
Let r(u) = 2*u - 16. What is r(3)?
-10
Let v(p) = -9*p + 16. What is v(8)?
-56
Let m(a) = 2*a**3 + 3*a**2 - 4*a - 4. What is m(-2)?
0
Let o(h) = 54*h**3 + h**2 - 2*h. Determine o(1).
53
Let u(q) = 2*q**2 - 2*q. Calculate u(8).
112
Let g(p) = p**2 + 7*p + 12. Calculate g(-5).
2
Let l(c) = 2*c**2 + 54*c + 6. Give l(-27).
6
Let l(i) = -i**3 + 4*i**2 - 3*i + 10. What is l(4)?
-2
Let z(s) = -s**2 - 5*s - 3. Calculate z(-9).
-39
Let m(q) = -q**3 - 24*q**2 - 28*q - 120. Give m(-23).
-5
Let w(v) = v**3 - 9*v**2 - 6*v - 60. Give w(10).
-20
Let b(q) = q**2 + 10*q + 7. Calculate b(-6).
-17
Let d(t) = t**3 + 13*t**2 - 16*t + 5. Calculate d(-14).
33
Let o(w) = -2*w**3 - 3*w**2 - 5*w - 5. Give o(-2).
9
Let c(i) = i - 6. Determine c(-6).
-12
Let f(x) = -3*x**3 - 10*x**2 + 4*x + 8. Calculate f(-3).
-13
Let d(f) = f**3 + 7*f**2 + 7*f + 1. Calculate d(-6).
-5
Let b(k) = -k**3 - 5*k**2 + 14*k - 17. What is b(-7)?
-17
Let l(u) = u**3 + 2*u**2 - 8*u - 3. Calculate l(-3).
12
Let u(f) = -2*f**3 + 3*f**2 + 4*f - 4. Give u(3).
-19
Let b(w) = -w - 45. Calculate b(-10).
-35
Let d(b) = 39*b + 148. Calculate d(-4).
-8
Let l(r) = -r**3 - 19*r**2 - 16. Calculate l(-19).
-16
Let a(c) = -17*c + 88. Determine a(6).
-14
Let o(r) = -r**2 + 10*r - 13. Determine o(9).
-4
Let t(j) = -j - 29. What is t(-24)?
-5
Let h(s) = 20*s**2 - 9*s - 3. Calculate h(0).
-3
Let v(n) = -3*n**2 - 21*n - 14. Calculate v(-7).
-14
Let w(r) = 6*r**3 + 175*r**2 + 28*r - 42. Give w(-29).
-13
Let t(j) = -2*j**2 - 5*j + 16. Determine t(-7).
-47
Let u(o) = -o**3 - 19*o**2 - 16*o + 34. What is u(-18)?
-2
Let c(p) = -p**2 + 15*p + 1. Determine c(7).
57
Let c(t) = t**2 + t - 75. Determine c(-10).
15
Let j(u) = u**2 - 4*u - 31. Determine j(11).
46
Let s(h) = -2*h**2 - 2*h + 2. What is s(2)?
-10
Let r(d) = -8*d + 16. Calculate r(-19).
168
Let z(b) = -b - 3. Calculate z(4).
-7
Let x(n) = -n**3 + n**2 - n + 6. Give x(0).
6
Let j(y) = 3*y**2 - 29*y + 21. Give j(9).
3
Let h(d) = 16*d**2 - 3*d + 13. Give h(4).
257
Let k(a) = -7*a + 97. Determine k(13).
6
Let k(l) = -l**3 - 3. Calculate k(0).
-3
Let i(a) = -6*a - 108. Determine i(-20).
12
Let n(s) = 2*s**3 + s - 1. Calculate n(1).
2
Let u(d) = 2*d - 48. Give u(26).
4
Let r(u) = 6*u**2 - 7*u - 17. What is r(-2)?
21
Let n(j) = j**3 - j**2 - 5*j + 2. Calculate n(3).
5
Let f(o) = -o**3 - 9*o**2 - 15*o + 4. Give f(-7).
11
Let t(j) = 7*j + 238. What is t(-35)?
-7
Let g(x) = 7*x**2 - 3*x - 2. What is g(-2)?
32
Let b(g) = 9*g + 5. Calculate b(-2).
-13
Let u(p) = 2*p + 6. Give u(4).
14
Let m(g) = 11*g + 112. What is m(-12)?
-20
Let f(n) = 111*n - 223. What is f(2)?
-1
Let t(z) = z**3 + 2*z**2 + z - 77. Give t(0).
-77
Let c(m) = 2*m**2 + 9*m - 34. Calculate c(-8).
22
Let v(j) = j**2 + 36*j + 40. What is v(-25)?
-235
Let j(v) = 22*v**2 - 15*v + 16. Determine j(1).
23
Let q(j) = -j**3 - 3*j**2 - 2*j + 3. Calculate q(-3).
9
Let p(s) = -s**2 + s + 29. What is p(0)?
29
Let m(j) = -5*j - 4. What is m(-7)?
31
Let f(m) = -18*m - 93. Calculate f(-5).
-3
Let b(l) = -l**3 - 4*l**2 - 3*l - 5. Determine b(-4).
7
Let y(a) = -a**2 + 7*a - 19. Give y(7).
-19
Let b(m) = m**2 + 17*m + 44. Calculate b(-3).
2
Let p(u) = u**3 - 3*u**2 - 6*u - 7. Give p(5).
13
Let o(g) = 10*g + 13. Determine o(-2).
-7
Let s(d) = -4*d - 2. Give s(5).
-22
Let g(q) = -7*q + 2. Give g(-3).
23
Let u(j) = 7*j + 12. What is u(0)?
12
Let r(h) = -7*h - 2. Give r(5).
-37
Let j(y) = 33*y + 7. Calculate j(0).
7
Let l(t) = 4*t - 14. Calculate l(4).
2
Let s(h) = h**2 - 52*h + 456. What is s(41)?
5
Let m(y) = -y**2 + 30*y - 30. Calculate m(29).
-1
Let i(l) = 18*l**2 + 141*l - 26. What is i(-8)?
-2
Let u(q) = q**3 + 18*q**2 - q - 21. Determine u(-18).
-3
Let g(w) = -7*w - 60. Calculate g(-8).
-4
Let m(f) = f - 24. Determine m(12).
-12
Let l(u) = 2*u**2 + 4*u - 1. Determine l(-3).
5
Let z(p) = 4*p + 13. What is z(-13)?
-39
Let a(m) = -m**2 - 6*m + 8. What is a(-7)?
1
Let o(y) = -7*y - 44. Determine o(-15).
61
Let n(f) = 2*f**3 + 16*f**2 + 5*f + 53. Calculate n(-8).
13
Let z(i) = -i**3 + 33*i**2 + 35*i - 27. Give z(34).
7
Let b(d) = -d**3 - 32*d**2 + 4*d + 51. What is b(-32)?
-77
Let h(y) = y**3 + y**2 - 3*y. Determine h(-2).
2
Let b(a) = -a**3 - 29*a**2 - 4*a - 118. Calculate b(-29).
-2
Let d(x) = 3*x**2 + x + 3. Determine d(-1).
5
Let x(s) = s**2 - 7*s + 8. Give x(6).
2
Let p(h) = 22*h + 43. Give p(-2).
-1
Let l(w) = -6*w + 66. What is l(12)?
-6
Let t(k) = 161*k**3 - 4*k**2 + 2*k + 1. Calculate t(1).
160
Let h(z) = -31*z - 1. Calculate h(3).
-94
Let g(w) = -2*w - 18. Determine g(12).
-42
Let a(d) = 2*d**2 - 40*d + 21. What is a(19)?
-17
Let u(r) = r**3 + 5*r**2 - 8*r - 4. Determine u(-7).
-46
Let g(a) = -2*a**3 + 8*a**2 + 5*a + 5. What is g(5)?
-20
Let t(q) = 6*q + 7. Determine t(6).
43
Let n(y) = 154*y + 6. Give n(-1).
-148
Let q(d) = -d**3 - d**2 + 11*d - 3. Give q(3).
-6
Let m(f) = f**3 + f**2 + 5*f + 26. Calculate m(-3).
-7
Let m(l) = -3*l**3 - 2*l**2 + 2*l - 1. Determine m(1).
-4
Let l(r) = r**3 + 4*r**2 + 4*r. Calculate l(-3).
-3
Let i(v) = v**3 + 7*v**2 + 3*v - 10. Determine i(-6).
8
Let m(d) = -d**2 - 4*d - 4. Calculate m(-6).
-16
Let r(d) = d**3 - 7*d**2 + 5*d + 11. Determine r(6).
5
Let z(j) = 4*j - 12. Give z(7).
16
Let k(q) = q**3 + 14*q**2 - 15*q - 1. Give k(-15).
-1
Let p(h) = 29